be ((-30)/105)/(1/42) + 5277. What is the greatest common factor of 936 and l?
117
Let f = -9950 + 10174. Calculate the greatest common factor of f and 2784.
32
Let f be (-5)/(-4 + 9)*(4 - 21). Let t(y) = y**3 - 15*y**2 + 2*y + 3. Let w be t(f). Calculate the highest common factor of w and 15.
15
Suppose 743*l - 1514*l + 239982 = -734*l. What is the greatest common factor of 2538 and l?
282
Let d be 7*2 - (-196)/(-28). Let t be 140 + -3 + (42/d - 11). Calculate the highest common divisor of 8 and t.
4
Let z be -3*((1 - -4) + -35) + -2. Suppose -11*h = -407 + z. Calculate the greatest common divisor of h and 87.
29
Let n be -5*(3/27 + (-544)/36). Suppose 0 = 9*u - n - 78. Calculate the greatest common divisor of u and 51.
17
Suppose -17*m + 6*m = 15*m - 52. What is the greatest common divisor of 41 and m?
1
Suppose -7*z + 3*z + 4 = 0. Let d = -2 + z. Let s be 9/(d + 4) - 1. Calculate the greatest common factor of s and 3.
1
Let w(f) = f**2 - f + 36. Let d be w(0). Suppose 3*p - 88 = 4*m, -5*p + 2*m - 46 = -6*p. What is the highest common divisor of p and d?
36
Let v(x) = -x**3 + 51*x**2 - 363*x - 1. Let u be v(9). What is the highest common divisor of u and 4288?
134
Let g(h) = h**3 - 36*h**2 - 293*h - 104. Let q be g(43). What is the highest common divisor of 816 and q?
48
Suppose 12*f + 2204 = -3028. Let q = f - -715. What is the greatest common factor of 9 and q?
9
Let d be ((-213)/(-4))/(3/148). Calculate the greatest common factor of 296 and d.
37
Let l(t) = 2*t**2 + 21*t + 161. Let a be l(-7). What is the greatest common factor of a and 35?
7
Let b be 3 - (-6)/4*42/9. Suppose -3582 = -0*m + 3*m. Let n be (6/5)/3 + m/(-15). What is the highest common divisor of n and b?
10
Suppose -2*u + 5*o + 119 = 0, 4*o + 58 = u - 0*u. Suppose -u = -2*w + 5*c, -2*w + w + 16 = 5*c. Calculate the highest common factor of w and 78.
26
Suppose 0 = 4*x - 23 + 91. Let z be 102/x - 19*-2. Calculate the greatest common divisor of z and 96.
32
Let g(v) = -v**3 - 26*v**2 - 97*v - 581. Let o be g(-23). Suppose -5*p = 0, -l - 2*p - 112 = -3*l. Calculate the greatest common factor of l and o.
7
Suppose -147*g + 111 + 6 = -30. What is the greatest common divisor of 392 and g?
1
Let u be ((-30)/(-8) + -7)*(2 - -2). Let x be 1 + u/((-39)/(-24)) + 16. Let l be 2 - (0/2 - 25). What is the greatest common factor of l and x?
9
Let x(g) = -2*g**3 - g**2 + 2*g - 6. Let h = 509 + -512. Let f be x(h). What is the highest common divisor of f and 3?
3
Let d(t) = -410*t**3 - t**2 + 24*t + 57. Let l be d(-3). What is the highest common factor of l and 21?
21
Let z be (-630)/1*((-169)/65 - -2). Let o(w) = 6*w - 4. Let k be o(3). What is the greatest common factor of k and z?
14
Let w = -2746 + 2808. What is the highest common factor of 11594 and w?
62
Let s be (4 - 20)*(1 + -8). Suppose 5*l - 211 = 994. Let t = l + -227. What is the highest common divisor of t and s?
14
Let k be 68*(-1 - -2)*2. Suppose -4*c + l + 132 = 0, -4*c + 191 = -3*l + 51. What is the highest common factor of c and k?
8
Suppose -52002 = -7*y - 2330. What is the highest common divisor of y and 8?
8
Let p(m) = 21*m - 881. Let a be p(46). What is the greatest common factor of 5 and a?
5
Let n(t) = -2*t**2 + 8*t + 28. Let b be n(6). Calculate the greatest common divisor of 67 and b.
1
Let c be 0 + (-1)/(-2) - 1670/(-4). Let b = 3 + 35. Calculate the greatest common factor of c and b.
38
Let q = 461 + -374. Let x be 1*(-116)/8*-8. What is the greatest common divisor of x and q?
29
Suppose 0 = -t - m + 21, 4*t = 2*m - 12 + 54. What is the greatest common factor of 6468 and t?
14
Suppose 4*o = -3*w + 3 + 2, -2*o - 3*w = -7. Let y be (3 - 133)*(2/4 + o). Calculate the highest common factor of y and 10.
5
Let d(z) = -5*z**3 - 7*z**2 + 6*z + 13. Let n be d(-7). Let x be 4 + ((-453)/(-6) - (-2)/(-4)). What is the highest common factor of x and n?
79
Let y be (-1 + 1 + 624)*(-5)/(-40)*8. Calculate the highest common factor of y and 492.
12
Let a be -46*(4473/(-21) + 14). Calculate the greatest common factor of 184 and a.
46
Let b = -44 + 37. Let o be b/((-14)/4) + 114. Suppose 0 = 3*f - 5*h - 32 - 70, 4*f = 4*h + 128. What is the highest common divisor of f and o?
29
Let q(h) = 39*h**2 + 42*h + 13. Let g(l) = -19*l**2 - 20*l - 7. Let s(p) = -5*g(p) - 2*q(p). Let v be s(3). What is the highest common divisor of v and 6?
6
Let b = -39 - -41. Suppose 5 = -b*y - 25. Let k = -11 - y. Calculate the highest common factor of k and 36.
4
Let l(h) = 16*h - 7. Let s be l(8). Suppose 4*k + o - 89 = 0, 0 = 3*k + 4*o - 1374 + 1304. What is the highest common factor of k and s?
11
Let s(i) = 102*i + 1142. Let n be s(-11). Calculate the highest common factor of 3660 and n.
20
Suppose -26*w + 65061 = -47043 + 29424. What is the highest common divisor of 30 and w?
30
Suppose -1145 = -4*i - 3*w, -4*w + 1144 = -528*i + 532*i. What is the greatest common divisor of 77 and i?
7
Suppose -3*v - 2 = -v. Suppose 0 = -10*j + 36 + 214. Let a be v/(-1) - (17 - j). What is the greatest common divisor of 9 and a?
9
Suppose 4*j - 1184 = 17*c - 21*c, 0 = 3*c - 4*j - 874. What is the greatest common divisor of 245 and c?
49
Let n = 324 - 320. Suppose 0 = g, -n*y + 3*g + 1344 = 5*g. Calculate the greatest common factor of y and 42.
42
Let i(j) = 5*j - 11. Let m be i(10). Let p(k) = 115*k + 16816. Let o be p(-146). Calculate the greatest common divisor of o and m.
13
Let y = 68 - 66. Suppose 0 = 8*f - 4*f + 8, 2*a - 16 = y*f. Suppose r - a = 4. Calculate the greatest common divisor of 60 and r.
10
Suppose 83*b - 33616 = -46*b - 47*b. Calculate the highest common factor of b and 26358.
191
Let h be (-20)/(-6)*(8 - (0 - -2)). Let g(x) = -x**2 - 15*x - 14. Let a be g(-13). Suppose 660 = a*p - p. What is the highest common factor of p and h?
20
Let i = 4 - -11. Let m be ((-5)/(i/18))/(-2) + 175. Suppose k - 3*p = 111 + m, 0 = 2*k - 2*p - 574. What is the highest common divisor of k and 26?
26
Let p = 78 - 33. Let g = p + -11. Suppose -b - g = -106. Calculate the greatest common factor of 18 and b.
18
Let o be (-3)/(-3 - 1296/(-450)). Calculate the highest common divisor of 16125 and o.
25
Let c be (2 + -1)/1 + 11. Let n = -568 + 1083. Suppose 7*v = 543 - n. Calculate the greatest common factor of v and c.
4
Let t(z) = z**3 - 13*z**2 - 18*z + 240. Let i be t(14). Calculate the greatest common factor of i and 40.
8
Suppose -y - 6*h + 218 = -h, y = 4*h + 245. Let l = y + -158. Suppose 0 = 13*v - 3*v - 500. Calculate the highest common divisor of l and v.
25
Suppose -3*o - 7 = -31. Suppose 2*c - 3*c - 13 = 2*j, 2*j - 3*c = -25. Let v be j/(-16)*26 - -7. What is the highest common factor of v and o?
4
Let n = -4630 + 4650. Calculate the highest common divisor of n and 1070.
10
Let p be 3 - (4/(-4) - -3). Let l be (p/3)/((-4)/(-24)). Let z be (8 - 4) + 134 + l. What is the greatest common factor of 20 and z?
20
Suppose 0 = 5*p + 15, 5*p = 3*w + 3*p - 72. Suppose 2 = 2*v + 2*b - 7*b, w = 4*v - b. Suppose r = -5*r + 36. What is the highest common factor of v and r?
6
Suppose 52 = 3*r - u - 19, r - 3*u - 21 = 0. Suppose 22*w = r*w - 14. Suppose 9 = 2*n - 5. Calculate the greatest common divisor of w and n.
7
Let x = 3666 + -1902. Calculate the highest common divisor of x and 168.
84
Suppose -410520 = -282*y - 340*y. Calculate the greatest common divisor of 9460 and y.
220
Let q = 372 + -276. Let a = -195 - -323. What is the greatest common factor of a and q?
32
Suppose 2*s - 49 = -5*m, 2*s + 41 = 2*m + 69. What is the highest common divisor of s and 1156?
17
Let v(h) = -h - 626. Let r(o) = 628. Let b(j) = 6*r(j) + 5*v(j). Let x be b(0). Calculate the highest common divisor of 58 and x.
58
Let z = 5080 - 4562. Calculate the greatest common factor of 56 and z.
14
Suppose 2*p - 20 = -2*q, -335*q + 338*q - p + 2 = 0. What is the highest common divisor of 386 and q?
2
Let a be -3*3*56/(-63). Let s be 770/(-22)*a/(-20). Calculate the greatest common factor of 28 and s.
14
Let s be (-5451)/(-46) - ((-2)/(-10))/(24/(-60)). Calculate the greatest common factor of s and 12971.
119
Suppose 0 = 17*j - 471 - 362. Let c(h) = 4*h**3 + 5*h**2 - 6. Let q be c(3). What is the greatest common factor of j and q?
49
Let d(r) = 1626*r + 10013. Let n be d(-6). What is the highest common